*d + 24 = 0, 2*y - 5*y - 4*d + 20 = n. Calculate the remainder when 11 is divided by y.
3
Suppose 14 = -2*q + 82. What is the remainder when q is divided by 18?
16
Suppose 3*u = 6*u. Suppose u*j = 5*b + j - 88, 4*b - 64 = -4*j. Calculate the remainder when 51 is divided by b.
15
Let m be (-2)/((-2)/49) + 2. Let c be (-69)/(-2)*4/(-6). Let p = m + c. What is the remainder when p is divided by 15?
13
Let r = 59 - 47. Calculate the remainder when r is divided by 8.
4
Calculate the remainder when 177 is divided by (-18)/24 - (-366)/8.
42
Suppose -5*o = 19 - 159. What is the remainder when o is divided by 10?
8
Let r(h) = 7*h + 3. Suppose -4*d - 19 = -5*l - 2*d, 0 = -2*d + 6. Suppose 2*g + 0*g - 26 = 0. What is the remainder when r(l) is divided by g?
12
Let g = 39 - 30. Let h(k) = k + 9. What is the remainder when g is divided by h(-5)?
1
Let d(s) = -s**2 + 10*s + 1. What is the remainder when d(7) is divided by 8?
6
Let c(f) = -2*f**3 + 3*f**2 - 3*f + 1. Let h be c(2). Calculate the remainder when (-12)/h*(-30)/(-4) is divided by 3.
1
Let f be 10*(-2)/((-4)/1). Let o(u) = u**2 - 2*u + 6. What is the remainder when o(f) is divided by 11?
10
Suppose -c = -24 + 1. What is the remainder when c is divided by 12?
11
Suppose 0 = -2*o + 34 + 76. Suppose -d + 66 = 2*d. What is the remainder when o is divided by d - (-5 + 2)*-1?
17
What is the remainder when 112 is divided by -1 + 30/(-3 + 4)?
25
Let v = 65 - 51. What is the remainder when 37 is divided by v?
9
Suppose -10 - 6 = -4*d. Suppose 6*b = 3*b - 27. Calculate the remainder when d is divided by -1*1*b/3.
1
Calculate the remainder when 24 is divided by (-106)/(-14) - 8/14.
3
Let y = -4 + 5. Let n be 3 + -3 + y + -62. Calculate the remainder when 33 is divided by n/(-7) - (-2)/7.
6
Suppose -4 = 6*f - 70. Suppose -3*j - 129 = -6*j. Calculate the remainder when j is divided by f.
10
Let b(q) = -q**3 - 3*q**2 - 2*q + 2. Let p be b(-3). Suppose -3*s + 5*m + 17 = -p, -2*s + 22 = 2*m. What is the remainder when 29 is divided by s?
9
What is the remainder when 69*(-3 - 33/(-9)) is divided by 12?
10
Let w(p) = -p**2 + 16*p + 3. Let o be w(16). Suppose 6*a - o*a = 198. Calculate the remainder when a is divided by 17.
15
Suppose -4*u = -3*u - 3. Suppose 39 + 3 = u*a. What is the remainder when 25 is divided by a?
11
Let n(p) = -p**2 - 9*p. Let c be n(-6). Let w = c + -15. What is the remainder when -4*(-2)/(4/2) is divided by w?
1
Suppose l + 3*l = -16. Let c(h) = -13*h + 2. Let s(m) = 6*m + 2. What is the remainder when c(l) is divided by s(2)?
12
What is the remainder when 61 is divided by ((-16)/6)/(1/(-6))?
13
Let t(n) = 164*n**3 - n**2 + 2*n - 2. What is the remainder when t(1) is divided by 41?
40
Suppose 2*j = o - 4 + 25, -5*j + 4*o + 57 = 0. Let z = 6 + -1. Suppose -z*k = -28 - 97. What is the remainder when k is divided by j?
7
Let o = 72 + -43. What is the remainder when o is divided by (-32)/(-2*1) - (-22 + 23)?
14
Let k = 7 + -2. Suppose -10 = t - k. Calculate the remainder when t/(-5)*(-1 + 36) is divided by 12.
11
Let t(o) = -16*o + 1. Let q be t(2). Let u = q + 61. What is the remainder when u is divided by 16?
14
Let b = 50 - 35. Suppose -5*y + 25 = -n, -3*y + 5 = -4*n - 10. Suppose n = 5*o - 30 - b. Calculate the remainder when o is divided by 5.
4
Let h = -102 + 199. Calculate the remainder when h is divided by 25.
22
Let y(r) = -r**3 + 3*r**2 + 4*r - 4. Suppose q - 7 = -4*d, 5*q - 11 = -2*d + 6*d. Calculate the remainder when y(q) is divided by 3.
2
Suppose 2*u - 232 = -8*r + 6*r, -u = -5*r - 128. Calculate the remainder when u is divided by 61.
57
Suppose -98 = -5*g - 4*t, -3*g - 3*t + 64 = 2*t. Suppose -2*v + g = 4. Calculate the remainder when v is divided by 5.
2
Suppose 0 = 19*w - 18*w - 16. Calculate the remainder when (-1)/(1 + (-90)/88) is divided by w.
12
Suppose 6*k = -3*k + 441. Calculate the remainder when k is divided by 10.
9
Let x = 36 + 75. Suppose h = -2*h + x. Calculate the remainder when h is divided by 13.
11
Let p(o) = -o**2 + 25. Calculate the remainder when p(0) is divided by 9.
7
Let j be (-2)/1 - (4 - 4). Calculate the remainder when 22 is divided by 0 + 13 + j/2.
10
Suppose 2*c + 4*k = k - 11, -19 = 4*c + 5*k. Let z = c + 1. Suppose -4*d - 1 + 37 = z. What is the remainder when 25 is divided by d?
7
Let s = -98 + 172. Calculate the remainder when s is divided by 20.
14
Let r = -103 - -156. Calculate the remainder when r is divided by 18.
17
Let v(d) be the third derivative of d**6/120 - 2*d**5/15 + d**4/12 + d**3/2 + 3*d**2. Calculate the remainder when v(9) is divided by 26.
24
Suppose -4*a = -3*a + 4. What is the remainder when 72 is divided by a/6 - (-462)/18?
22
Let v(m) = -2*m + 11. Let a be v(8). Let c = 0 - a. What is the remainder when 8 is divided by c?
3
Suppose 0 = -5*w + 294 - 34. Suppose -71 = -8*a + 145. Calculate the remainder when w is divided by a.
25
Let q(b) = b**3 + 16*b**2 - 19*b + 18. What is the remainder when q(-17) is divided by 18?
16
Suppose 0 = 4*p + 4*y - 76, 25 = p - 2*y - 3*y. What is the remainder when p is divided by 11?
9
Let g = 30 + -15. Let k = g - 9. What is the remainder when 9 is divided by k?
3
Let l(v) = -3*v. Let k be l(-1). What is the remainder when 2 is divided by 5/k - 4/6?
0
Let o = 48 - 29. Suppose 3*p - o = 2*t, -2 = -4*p - 3*t + t. What is the remainder when 5 is divided by p?
2
Suppose -4*l = -64 - 108. Let k(o) = o**3 + o**2 - 6*o + 4. Let t be k(4). Suppose w - 5*w + t = 0. What is the remainder when l is divided by w?
13
Suppose 4*a - 20 = 0, 5*v - 3*a = -15 + 150. Calculate the remainder when 56 is divided by v.
26
Suppose 15 = 3*n + 2*y, -2*n + 16 - 1 = 3*y. Suppose 0 = p + n*p - 12. Calculate the remainder when 4 is divided by p.
1
Let i(m) = -m**3 - 2*m**2 + 6*m. Let a be i(-5). Suppose n = 2*y - 10, 49 = 4*y + 3*n + 19. Suppose w = y*w - a. What is the remainder when 16 is divided by w?
7
Let q = 26 + -14. Let l = 18 - q. What is the remainder when 9 is divided by l?
3
Let z(s) = s**2 - s - 2. Let n(j) = -2*j - 5. Calculate the remainder when z(-3) is divided by n(-4).
1
Let s(n) = 4 - n**3 - 5 + 3 - 5*n + 6*n**2. Let c be s(5). Suppose -k = c*k - 51. What is the remainder when 49 is divided by k?
15
Let v be (-2)/(-4) - (-35)/10. Suppose 0 = v*u + u - 50. Calculate the remainder when u is divided by 6.
4
Let r(a) = -24*a - 1. Let c(l) = -l**2 + 9*l - 1. Let q be c(9). What is the remainder when r(q) is divided by 9 + (1 - 0) + -2?
7
Let g(s) = s**3 + s**2 + 2. Let b be g(-2). Let r = 30 + -27. What is the remainder when b/6 - 25/(-3) is divided by r?
2
Let r = 20 - 10. What is the remainder when 39 is divided by r?
9
Suppose -3*n + 79 = 5*p, 5*p + 39 = 8*p - n. Calculate the remainder when 81 is divided by p.
11
Let u be (-3)/(-6)*6 + 0. Let z = u + 9. What is the remainder when 21 is divided by 18/z*44/6?
10
Let y be -5*((-16)/(-10))/4. Let s = 0 - y. Let m = 14 - s. What is the remainder when 22 is divided by m?
10
Suppose -9 = -k - 2*k. Suppose 3 = -5*n + 28. Suppose -5*b = -4*w - n, b = 3*w + 2*b - 20. Calculate the remainder when w is divided by k.
2
Let x(b) = b**2 + 8*b + 1. Suppose 3*p = 2*j - 37, 0 = 5*p - 6*j + 2*j + 65. Calculate the remainder when 28 is divided by x(p).
8
Suppose 0*b = -b - 12. Let i = b - -15. Calculate the remainder when 7 is divided by i.
1
Suppose 104 = -0*f + 4*f + 4*s, -2 = s. Suppose -a + f = 4. Calculate the remainder when a is divided by 13.
11
Let h be (10/(-4))/(3/18). What is the remainder when 6/15 + (-324)/h is divided by 8?
6
Let f = -137 + 204. What is the remainder when f is divided by 17?
16
Suppose -2*h + 6 = -2. Calculate the remainder when 20 is divided by h.
0
Let y(p) = -7*p + 3. What is the remainder when 48 is divided by y(-1)?
8
Suppose 2*r = -2*p + 16, 4*p + 2*r + 1 = 25. Suppose p*x - 11 = 33. Calculate the remainder when 43 is divided by x.
10
Let x = 40 + -25. Calculate the remainder when 29 is divided by x.
14
Let p(a) = -a**3 + 5*a**2 - 4*a + 5. Let b be p(4). Let i = -2 + b. Suppose -h + 0*h + 2 = 0. Calculate the remainder when i is divided by h.
1
Let q(b) = b**3 - 5*b**2 - b + 7. Let l be q(5). Let t = l - -10. Let x = -6 + 41. What is the remainder when x is divided by t?
11
Suppose 0 = 2*c - 2*p + 6*p - 26, 2*p + 12 = 4*c. What is the 